{"id":587,"date":"2021-08-10T21:06:21","date_gmt":"2021-08-11T00:06:21","guid":{"rendered":"https:\/\/bigodegames.com.br\/?page_id=587"},"modified":"2021-08-11T08:47:06","modified_gmt":"2021-08-11T11:47:06","slug":"atendimento-lgpd","status":"publish","type":"page","link":"https:\/\/bigodegames.com.br\/index.php\/atendimento-lgpd\/","title":{"rendered":"Atendimento LGPD"},"content":{"rendered":"\n<h1 class=\"has-text-align-center wp-block-heading\">Formul\u00e1rio de Atendimento LGPD &#8211; Lei Geral de Prote\u00e7\u00e3o de Dados<\/h1>\n\n\n\n<div style=\"height:20px\" aria-hidden=\"true\" class=\"wp-block-spacer\"><\/div>\n\n\n\n<p>Este formul\u00e1rio \u00e9 destinado exclusivamente a d\u00favidas e solicita\u00e7\u00f5es relacionadas \u00e0 Lei Geral de Prote\u00e7\u00e3o de Dados, para contatos referentes a outros assuntos, por favor utilize nosso <a href=\"https:\/\/bigodegames.com.br\/index.php\/contato-fale-com-a-equipe-bigode-games\/\" target=\"_blank\" data-type=\"URL\" data-id=\"https:\/\/bigodegames.com.br\/index.php\/contato-fale-com-a-equipe-bigode-games\/\" rel=\"noreferrer noopener\">formul\u00e1rio de contato<\/a>.<\/p>\n\n\n\n<p>O titular de dados pessoais possui o direito de solicitar do site Bigode Games, a qualquer momento, mediante requisi\u00e7\u00e3o formal, informa\u00e7\u00f5es referentes aos seus dados.<\/p>\n\n\n\n<p>Os pedidos ser\u00e3o analisados conforme previsto em legisla\u00e7\u00e3o vigente e, por quest\u00f5es legais, algumas solicita\u00e7\u00f5es podem n\u00e3o ser atendidas.<\/p>\n\n\n\n<p>Os titulares de dados, segundo o texto da LGPD, podem exercer os seus direitos por meio de:<\/p>\n\n\n\n<ul class=\"wp-block-list\"><li>Confirma\u00e7\u00e3o da exist\u00eancia de tratamento;<\/li><li>Acesso aos seus dados pessoais;<\/li><li>Corre\u00e7\u00e3o de dados incompletos, inexatos ou desatualizados;<\/li><li>Anonimiza\u00e7\u00e3o, bloqueio ou elimina\u00e7\u00e3o de dados desnecess\u00e1rios, excessivos ou tratados em desconformidade com o disposto nesta Lei;<\/li><li>Portabilidade dos dados a outro fornecedor de servi\u00e7o ou produto, mediante requisi\u00e7\u00e3o expressa, de acordo com a regulamenta\u00e7\u00e3o da autoridade nacional, observados os segredos comercial e industrial;<\/li><li>Elimina\u00e7\u00e3o dos dados pessoais tratados com o consentimento do titular;<\/li><li>Informa\u00e7\u00e3o das entidades p\u00fablicas e privadas com as quais o controlador realizou uso compartilhado de dados;<\/li><li>Informa\u00e7\u00e3o sobre a possibilidade de n\u00e3o fornecer consentimento e sobre as consequ\u00eancias da negativa;<\/li><li>Revoga\u00e7\u00e3o do consentimento.<\/li><\/ul>\n\n\n\n<p><\/p>\n\n\n<div class=\"wpforms-container wpforms-container-full\" id=\"wpforms-596\"><form id=\"wpforms-form-596\" class=\"wpforms-validate wpforms-form\" data-formid=\"596\" method=\"post\" enctype=\"multipart\/form-data\" action=\"\/index.php\/wp-json\/wp\/v2\/pages\/587\" data-token=\"a2f54345729ffc0ac9efa2c62a36b876\" data-token-time=\"1777510808\"><noscript class=\"wpforms-error-noscript\">Ative o JavaScript no seu navegador para preencher este formul\u00e1rio.<\/noscript><div class=\"wpforms-field-container\"><div id=\"wpforms-596-field_1-container\" class=\"wpforms-field wpforms-field-name\" data-field-id=\"1\"><label class=\"wpforms-field-label\" for=\"wpforms-596-field_1\">Nome Completo <span class=\"wpforms-required-label\">*<\/span><\/label><input type=\"text\" id=\"wpforms-596-field_1\" class=\"wpforms-field-large wpforms-field-required\" name=\"wpforms[fields][1]\" required><\/div><div id=\"wpforms-596-field_2-container\" class=\"wpforms-field wpforms-field-email\" data-field-id=\"2\"><label class=\"wpforms-field-label\">E-mail <span class=\"wpforms-required-label\">*<\/span><\/label><div class=\"wpforms-field-row wpforms-field-large\"><div class=\"wpforms-field-row-block wpforms-one-half wpforms-first\"><input type=\"email\" id=\"wpforms-596-field_2\" class=\"wpforms-field-required wpforms-field-email-primary\" name=\"wpforms[fields][2][primary]\" spellcheck=\"false\" required><label for=\"wpforms-596-field_2\" class=\"wpforms-field-sublabel after\">E-mail<\/label><\/div><div class=\"wpforms-field-row-block wpforms-one-half\"><input type=\"email\" id=\"wpforms-596-field_2-secondary\" class=\"wpforms-field-email-secondary wpforms-field-required\" data-rule-confirm=\"#wpforms-596-field_2\" name=\"wpforms[fields][2][secondary]\" spellcheck=\"false\" required><label for=\"wpforms-596-field_2-secondary\" class=\"wpforms-field-sublabel after\">Confirmar e-mail<\/label><\/div><\/div><\/div><div id=\"wpforms-596-field_3-container\" class=\"wpforms-field wpforms-field-textarea\" data-field-id=\"3\"><label class=\"wpforms-field-label\" for=\"wpforms-596-field_3\">Sua Mensagem<\/label><textarea id=\"wpforms-596-field_3\" class=\"wpforms-field-large wpforms-limit-characters-enabled\" data-form-id=\"596\" data-field-id=\"3\" data-text-limit=\"10000\" name=\"wpforms[fields][3]\" maxlength=\"10000\" ><\/textarea><div class=\"wpforms-field-description\">Por favor, escreva o motivo de seu contato e detalhes sobre qual a sua d\u00favida ou solicita\u00e7\u00e3o.<\/div><\/div><div id=\"wpforms-596-field_4-container\" class=\"wpforms-field wpforms-field-checkbox\" data-field-id=\"4\"><ul id=\"wpforms-596-field_4\" class=\"wpforms-field-required\"><li class=\"choice-1 depth-1\"><input type=\"checkbox\" id=\"wpforms-596-field_4_1\" name=\"wpforms[fields][4][]\" value=\"Eu autorizo que este website armazene as informa\u00e7\u00f5es submetidas neste formul\u00e1rio, para que possam responder minha solicita\u00e7\u00e3o.\" required ><label class=\"wpforms-field-label-inline\" for=\"wpforms-596-field_4_1\">Eu autorizo que este website armazene as informa\u00e7\u00f5es submetidas neste formul\u00e1rio, para que possam responder minha solicita\u00e7\u00e3o.<\/label><\/li><\/ul><\/div><\/div><!-- .wpforms-field-container --><div class=\"wpforms-submit-container\" ><input type=\"hidden\" name=\"wpforms[id]\" value=\"596\"><input type=\"hidden\" name=\"page_title\" value=\"\"><input type=\"hidden\" name=\"page_url\" value=\"https:\/\/bigodegames.com.br\/index.php\/wp-json\/wp\/v2\/pages\/587\"><input type=\"hidden\" name=\"url_referer\" value=\"\"><button type=\"submit\" name=\"wpforms[submit]\" id=\"wpforms-submit-596\" class=\"wpforms-submit\" data-alt-text=\"Enviando...\" data-submit-text=\"Enviar\" aria-live=\"assertive\" value=\"wpforms-submit\">Enviar<\/button><\/div><\/form><\/div>  <!-- .wpforms-container -->\n","protected":false},"excerpt":{"rendered":"<p>Formul\u00e1rio de Atendimento LGPD &#8211; Lei Geral de Prote\u00e7\u00e3o de Dados Este formul\u00e1rio \u00e9 destinado exclusivamente a d\u00favidas e solicita\u00e7\u00f5es relacionadas \u00e0 Lei Geral de Prote\u00e7\u00e3o de Dados, para contatos referentes a outros assuntos, por favor utilize nosso formul\u00e1rio de contato. O titular de dados pessoais possui o direito de solicitar do site Bigode Games, [&hellip;]<\/p>\n","protected":false},"author":2,"featured_media":0,"parent":0,"menu_order":0,"comment_status":"closed","ping_status":"closed","template":"","meta":{"_uag_custom_page_level_css":"","site-sidebar-layout":"default","site-content-layout":"default","ast-site-content-layout":"default","site-content-style":"default","site-sidebar-style":"default","ast-global-header-display":"","ast-banner-title-visibility":"","ast-main-header-display":"","ast-hfb-above-header-display":"","ast-hfb-below-header-display":"","ast-hfb-mobile-header-display":"","site-post-title":"disabled","ast-breadcrumbs-content":"","ast-featured-img":"","footer-sml-layout":"","ast-disable-related-posts":"","theme-transparent-header-meta":"default","adv-header-id-meta":"","stick-header-meta":"","header-above-stick-meta":"","header-main-stick-meta":"","header-below-stick-meta":"","astra-migrate-meta-layouts":"default","ast-page-background-enabled":"default","ast-page-background-meta":{"desktop":{"background-color":"","background-image":"","background-repeat":"repeat","background-position":"center center","background-size":"auto","background-attachment":"scroll","background-type":"","background-media":"","overlay-type":"","overlay-color":"","overlay-opacity":"","overlay-gradient":""},"tablet":{"background-color":"","background-image":"","background-repeat":"repeat","background-position":"center center","background-size":"auto","background-attachment":"scroll","background-type":"","background-media":"","overlay-type":"","overlay-color":"","overlay-opacity":"","overlay-gradient":""},"mobile":{"background-color":"","background-image":"","background-repeat":"repeat","background-position":"center center","background-size":"auto","background-attachment":"scroll","background-type":"","background-media":"","overlay-type":"","overlay-color":"","overlay-opacity":"","overlay-gradient":""}},"ast-content-background-meta":{"desktop":{"background-color":"var(--ast-global-color-5)","background-image":"","background-repeat":"repeat","background-position":"center center","background-size":"auto","background-attachment":"scroll","background-type":"","background-media":"","overlay-type":"","overlay-color":"","overlay-opacity":"","overlay-gradient":""},"tablet":{"background-color":"var(--ast-global-color-5)","background-image":"","background-repeat":"repeat","background-position":"center center","background-size":"auto","background-attachment":"scroll","background-type":"","background-media":"","overlay-type":"","overlay-color":"","overlay-opacity":"","overlay-gradient":""},"mobile":{"background-color":"var(--ast-global-color-5)","background-image":"","background-repeat":"repeat","background-position":"center center","background-size":"auto","background-attachment":"scroll","background-type":"","background-media":"","overlay-type":"","overlay-color":"","overlay-opacity":"","overlay-gradient":""}},"footnotes":""},"class_list":["post-587","page","type-page","status-publish","hentry"],"uagb_featured_image_src":{"full":false,"thumbnail":false,"medium":false,"medium_large":false,"large":false,"1536x1536":false,"2048x2048":false,"crp_thumbnail":false},"uagb_author_info":{"display_name":"Cap. Barry","author_link":"https:\/\/bigodegames.com.br\/author\/cap-barry\/"},"uagb_comment_info":0,"uagb_excerpt":"Formul\u00e1rio de Atendimento LGPD &#8211; Lei Geral de Prote\u00e7\u00e3o de Dados Este formul\u00e1rio \u00e9 destinado exclusivamente a d\u00favidas e solicita\u00e7\u00f5es relacionadas \u00e0 Lei Geral de Prote\u00e7\u00e3o de Dados, para contatos referentes a outros assuntos, por favor utilize nosso formul\u00e1rio de contato. O titular de dados pessoais possui o direito de solicitar do site Bigode Games,&hellip;","_links":{"self":[{"href":"https:\/\/bigodegames.com.br\/index.php\/wp-json\/wp\/v2\/pages\/587","targetHints":{"allow":["GET"]}}],"collection":[{"href":"https:\/\/bigodegames.com.br\/index.php\/wp-json\/wp\/v2\/pages"}],"about":[{"href":"https:\/\/bigodegames.com.br\/index.php\/wp-json\/wp\/v2\/types\/page"}],"author":[{"embeddable":true,"href":"https:\/\/bigodegames.com.br\/index.php\/wp-json\/wp\/v2\/users\/2"}],"replies":[{"embeddable":true,"href":"https:\/\/bigodegames.com.br\/index.php\/wp-json\/wp\/v2\/comments?post=587"}],"version-history":[{"count":0,"href":"https:\/\/bigodegames.com.br\/index.php\/wp-json\/wp\/v2\/pages\/587\/revisions"}],"wp:attachment":[{"href":"https:\/\/bigodegames.com.br\/index.php\/wp-json\/wp\/v2\/media?parent=587"}],"curies":[{"name":"wp","href":"https:\/\/api.w.org\/{rel}","templated":true}]}}